{"id":1768,"date":"2020-02-19T20:10:50","date_gmt":"2020-02-19T19:10:50","guid":{"rendered":"http:\/\/ny.truckleie.no\/?page_id=1768"},"modified":"2020-12-04T23:53:29","modified_gmt":"2020-12-04T22:53:29","slug":"1768-2","status":"publish","type":"page","link":"https:\/\/truckleie.no\/","title":{"rendered":"Site Forside"},"content":{"rendered":"\n<h2 class=\"wp-block-heading\"> Truckleie &#8211; <a href=\"http:\/\/ny.truckleie.no\/truckleie-eller-eie\/\">Gaffeltruck og l\u00f8ftemateriell Leie eller eie !<\/a> <\/h2>\n\n\n\n<p>Du leser dette fordi du har et behov du \u00f8nsker \u00e5 l\u00f8se p\u00e5 beste og rimeligste m\u00e5te. Kj\u00f8pe, lease eller leie gaffeltruck eller annet l\u00f8ftemateriell !. Vi \u00f8nsker \u00e5 gi deg muligheter som er til din fordel. Med en stor park av nye og brukte trucker med forskjellige spesifikasjoner kan vi tilby salg, leasing , kort eller langtidsleie.<\/p>\n\n\n<div data-block-name=\"woocommerce\/product-category\" data-categories=\"[15,24,23,22,25,26,27]\" class=\"wc-block-grid wp-block-product-category wp-block-woocommerce-product-category wc-block-product-category has-3-columns has-multiple-rows\"><ul class=\"wc-block-grid__products\"><li class=\"wc-block-grid__product\">\n\t\t\t\t<a href=\"https:\/\/truckleie.no\/?product=lagercontainer-20-iso\" class=\"wc-block-grid__product-link\">\n\t\t\t\t\t\n\t\t\t\t\t<div class=\"wc-block-grid__product-image\"><img fetchpriority=\"high\" decoding=\"async\" width=\"247\" height=\"296\" src=\"https:\/\/i0.wp.com\/truckleie.no\/wp-content\/uploads\/2019\/12\/container.jpg?resize=247%2C296&amp;ssl=1\" class=\"attachment-woocommerce_thumbnail size-woocommerce_thumbnail\" alt=\"Lagercontainer 20&#039; ISO\" srcset=\"https:\/\/i0.wp.com\/truckleie.no\/wp-content\/uploads\/2019\/12\/container.jpg?resize=247%2C296&amp;ssl=1 247w, https:\/\/i0.wp.com\/truckleie.no\/wp-content\/uploads\/2019\/12\/container.jpg?zoom=2&amp;resize=247%2C296&amp;ssl=1 494w\" sizes=\"(max-width: 247px) 100vw, 247px\" \/><\/div>\n\t\t\t\t\t<div class=\"wc-block-grid__product-title\">Lagercontainer 20&#8242; ISO<\/div>\n\t\t\t\t<\/a>\n\t\t\t\t<div class=\"wc-block-grid__product-price price\"><span class=\"woocommerce-Price-amount amount\"><span class=\"woocommerce-Price-currencySymbol\">&#107;&#114;<\/span>&nbsp;1 500,00<\/span><\/div>\n\t\t\t\t\n\t\t\t\t<div class=\"wp-block-button wc-block-grid__product-add-to-cart\"><a href=\"\/index.php?rest_route=%2Fwp%2Fv2%2Fpages%2F1768&#038;add-to-cart=413\" aria-label=\"Legg i handlekurv: \u00abLagercontainer 20&#039; ISO\u00bb\" data-quantity=\"1\" data-product_id=\"413\" data-product_sku=\"\" data-price=\"1500\" rel=\"nofollow\" class=\"wp-block-button__link  add_to_cart_button ajax_add_to_cart\">Legg i handlekurv<\/a><\/div>\n\t\t\t<\/li><li class=\"wc-block-grid__product\">\n\t\t\t\t<a href=\"https:\/\/truckleie.no\/?product=minigraver-ct18-6l\" class=\"wc-block-grid__product-link\">\n\t\t\t\t\t\n\t\t\t\t\t<div class=\"wc-block-grid__product-image\"><img decoding=\"async\" width=\"247\" height=\"296\" src=\"https:\/\/i0.wp.com\/truckleie.no\/wp-content\/uploads\/2019\/12\/carter1.3-scaled.jpg?resize=247%2C296&amp;ssl=1\" class=\"attachment-woocommerce_thumbnail size-woocommerce_thumbnail\" alt=\"Minigraver CT18-6L\" srcset=\"https:\/\/i0.wp.com\/truckleie.no\/wp-content\/uploads\/2019\/12\/carter1.3-scaled.jpg?resize=247%2C296&amp;ssl=1 247w, https:\/\/i0.wp.com\/truckleie.no\/wp-content\/uploads\/2019\/12\/carter1.3-scaled.jpg?zoom=2&amp;resize=247%2C296&amp;ssl=1 494w, https:\/\/i0.wp.com\/truckleie.no\/wp-content\/uploads\/2019\/12\/carter1.3-scaled.jpg?zoom=3&amp;resize=247%2C296&amp;ssl=1 741w\" sizes=\"(max-width: 247px) 100vw, 247px\" \/><\/div>\n\t\t\t\t\t<div class=\"wc-block-grid__product-title\">Minigraver CT18-6L<\/div>\n\t\t\t\t<\/a>\n\t\t\t\t<div class=\"wc-block-grid__product-price price\"><span class=\"woocommerce-Price-amount amount\"><span class=\"woocommerce-Price-currencySymbol\">&#107;&#114;<\/span>&nbsp;2 500,00<\/span><\/div>\n\t\t\t\t\n\t\t\t\t<div class=\"wp-block-button wc-block-grid__product-add-to-cart\"><a href=\"\/index.php?rest_route=%2Fwp%2Fv2%2Fpages%2F1768&#038;add-to-cart=402\" aria-label=\"Legg i handlekurv: \u00abMinigraver CT18-6L\u00bb\" data-quantity=\"1\" data-product_id=\"402\" data-product_sku=\"\" data-price=\"2500\" rel=\"nofollow\" class=\"wp-block-button__link  add_to_cart_button ajax_add_to_cart\">Legg i handlekurv<\/a><\/div>\n\t\t\t<\/li><li class=\"wc-block-grid__product\">\n\t\t\t\t<a href=\"https:\/\/truckleie.no\/?product=psw10s-pallestabler-1000-kg-3-mtr\" class=\"wc-block-grid__product-link\">\n\t\t\t\t\t\n\t\t\t\t\t<div class=\"wc-block-grid__product-image\"><img decoding=\"async\" width=\"247\" height=\"296\" src=\"https:\/\/i0.wp.com\/truckleie.no\/wp-content\/uploads\/2019\/12\/CDD10R-ES-2-scaled.jpg?resize=247%2C296&amp;ssl=1\" class=\"attachment-woocommerce_thumbnail size-woocommerce_thumbnail\" alt=\"pallestabler\" srcset=\"https:\/\/i0.wp.com\/truckleie.no\/wp-content\/uploads\/2019\/12\/CDD10R-ES-2-scaled.jpg?resize=247%2C296&amp;ssl=1 247w, https:\/\/i0.wp.com\/truckleie.no\/wp-content\/uploads\/2019\/12\/CDD10R-ES-2-scaled.jpg?zoom=2&amp;resize=247%2C296&amp;ssl=1 494w, https:\/\/i0.wp.com\/truckleie.no\/wp-content\/uploads\/2019\/12\/CDD10R-ES-2-scaled.jpg?zoom=3&amp;resize=247%2C296&amp;ssl=1 741w\" sizes=\"(max-width: 247px) 100vw, 247px\" \/><\/div>\n\t\t\t\t\t<div class=\"wc-block-grid__product-title\">CDD10RE Pallestabler 1000 kg &#8211; 3 mtr<\/div>\n\t\t\t\t<\/a>\n\t\t\t\t<div class=\"wc-block-grid__product-price price\"><span class=\"woocommerce-Price-amount amount\"><span class=\"woocommerce-Price-currencySymbol\">&#107;&#114;<\/span>&nbsp;1 750,00<\/span><\/div>\n\t\t\t\t\n\t\t\t\t<div class=\"wp-block-button wc-block-grid__product-add-to-cart\"><a href=\"\/index.php?rest_route=%2Fwp%2Fv2%2Fpages%2F1768&#038;add-to-cart=393\" aria-label=\"Legg i handlekurv: \u00abCDD10RE Pallestabler 1000 kg - 3 mtr\u00bb\" data-quantity=\"1\" data-product_id=\"393\" data-product_sku=\"\" data-price=\"1750\" rel=\"nofollow\" class=\"wp-block-button__link  add_to_cart_button ajax_add_to_cart\">Legg i handlekurv<\/a><\/div>\n\t\t\t<\/li><li class=\"wc-block-grid__product\">\n\t\t\t\t<a href=\"https:\/\/truckleie.no\/?product=mobile-loftesoyler-30-ton\" class=\"wc-block-grid__product-link\">\n\t\t\t\t\t\n\t\t\t\t\t<div class=\"wc-block-grid__product-image\"><img loading=\"lazy\" decoding=\"async\" width=\"247\" height=\"296\" src=\"https:\/\/i0.wp.com\/truckleie.no\/wp-content\/uploads\/2019\/12\/maxima4030-scaled.jpg?resize=247%2C296&amp;ssl=1\" class=\"attachment-woocommerce_thumbnail size-woocommerce_thumbnail\" alt=\"mobile l\u00f8ftes\u00f8yler\" srcset=\"https:\/\/i0.wp.com\/truckleie.no\/wp-content\/uploads\/2019\/12\/maxima4030-scaled.jpg?resize=247%2C296&amp;ssl=1 247w, https:\/\/i0.wp.com\/truckleie.no\/wp-content\/uploads\/2019\/12\/maxima4030-scaled.jpg?zoom=2&amp;resize=247%2C296&amp;ssl=1 494w, https:\/\/i0.wp.com\/truckleie.no\/wp-content\/uploads\/2019\/12\/maxima4030-scaled.jpg?zoom=3&amp;resize=247%2C296&amp;ssl=1 741w\" sizes=\"(max-width: 247px) 100vw, 247px\" \/><\/div>\n\t\t\t\t\t<div class=\"wc-block-grid__product-title\">Mobile L\u00f8ftes\u00f8yler for last- 30 Ton<\/div>\n\t\t\t\t<\/a>\n\t\t\t\t<div class=\"wc-block-grid__product-price price\"><span class=\"woocommerce-Price-amount amount\"><span class=\"woocommerce-Price-currencySymbol\">&#107;&#114;<\/span>&nbsp;6 000,00<\/span><\/div>\n\t\t\t\t\n\t\t\t\t<div class=\"wp-block-button wc-block-grid__product-add-to-cart\"><a href=\"\/index.php?rest_route=%2Fwp%2Fv2%2Fpages%2F1768&#038;add-to-cart=380\" aria-label=\"Legg i handlekurv: \u00abMobile L\u00f8ftes\u00f8yler for last- 30 Ton\u00bb\" data-quantity=\"1\" data-product_id=\"380\" data-product_sku=\"ML4030\" data-price=\"6000\" rel=\"nofollow\" class=\"wp-block-button__link  add_to_cart_button ajax_add_to_cart\">Legg i handlekurv<\/a><\/div>\n\t\t\t<\/li><li class=\"wc-block-grid__product\">\n\t\t\t\t<a href=\"https:\/\/truckleie.no\/?product=cqd15r-skyvemast-pallestabler\" class=\"wc-block-grid__product-link\">\n\t\t\t\t\t\n\t\t\t\t\t<div class=\"wc-block-grid__product-image\"><img loading=\"lazy\" decoding=\"async\" width=\"247\" height=\"296\" src=\"https:\/\/i0.wp.com\/truckleie.no\/wp-content\/uploads\/2019\/12\/CQD15R1.jpg?resize=247%2C296&amp;ssl=1\" class=\"attachment-woocommerce_thumbnail size-woocommerce_thumbnail\" alt=\"skyvemast pallestabler\" \/><\/div>\n\t\t\t\t\t<div class=\"wc-block-grid__product-title\">Pallestabler CQD15R &#8211; Skyvemast  4,5 Mtr<\/div>\n\t\t\t\t<\/a>\n\t\t\t\t<div class=\"wc-block-grid__product-price price\"><span class=\"woocommerce-Price-amount amount\"><span class=\"woocommerce-Price-currencySymbol\">&#107;&#114;<\/span>&nbsp;6 000,00<\/span><\/div>\n\t\t\t\t\n\t\t\t\t<div class=\"wp-block-button wc-block-grid__product-add-to-cart\"><a href=\"\/index.php?rest_route=%2Fwp%2Fv2%2Fpages%2F1768&#038;add-to-cart=202\" aria-label=\"Legg i handlekurv: \u00abPallestabler CQD15R - Skyvemast  4,5 Mtr\u00bb\" data-quantity=\"1\" data-product_id=\"202\" data-product_sku=\"\" data-price=\"6000\" rel=\"nofollow\" class=\"wp-block-button__link  add_to_cart_button ajax_add_to_cart\">Legg i handlekurv<\/a><\/div>\n\t\t\t<\/li><li class=\"wc-block-grid__product\">\n\t\t\t\t<a href=\"https:\/\/truckleie.no\/?product=fb16s-mhjz-eltruck\" class=\"wc-block-grid__product-link\">\n\t\t\t\t\t\n\t\t\t\t\t<div class=\"wc-block-grid__product-image\"><img loading=\"lazy\" decoding=\"async\" width=\"247\" height=\"296\" src=\"https:\/\/i0.wp.com\/truckleie.no\/wp-content\/uploads\/2019\/12\/FB16S-MHJZ.jpg?resize=247%2C296&amp;ssl=1\" class=\"attachment-woocommerce_thumbnail size-woocommerce_thumbnail\" alt=\"eltruck\" srcset=\"https:\/\/i0.wp.com\/truckleie.no\/wp-content\/uploads\/2019\/12\/FB16S-MHJZ.jpg?resize=247%2C296&amp;ssl=1 247w, https:\/\/i0.wp.com\/truckleie.no\/wp-content\/uploads\/2019\/12\/FB16S-MHJZ.jpg?zoom=2&amp;resize=247%2C296&amp;ssl=1 494w, https:\/\/i0.wp.com\/truckleie.no\/wp-content\/uploads\/2019\/12\/FB16S-MHJZ.jpg?zoom=3&amp;resize=247%2C296&amp;ssl=1 741w\" sizes=\"(max-width: 247px) 100vw, 247px\" \/><\/div>\n\t\t\t\t\t<div class=\"wc-block-grid__product-title\">Elektrisk truck FB16S MHJZ<\/div>\n\t\t\t\t<\/a>\n\t\t\t\t<div class=\"wc-block-grid__product-price price\"><span class=\"woocommerce-Price-amount amount\"><span class=\"woocommerce-Price-currencySymbol\">&#107;&#114;<\/span>&nbsp;5 400,00<\/span><\/div>\n\t\t\t\t\n\t\t\t\t<div class=\"wp-block-button wc-block-grid__product-add-to-cart\"><a href=\"\/index.php?rest_route=%2Fwp%2Fv2%2Fpages%2F1768&#038;add-to-cart=189\" aria-label=\"Legg i handlekurv: \u00abElektrisk truck FB16S MHJZ\u00bb\" data-quantity=\"1\" data-product_id=\"189\" data-product_sku=\"\" data-price=\"5400\" rel=\"nofollow\" class=\"wp-block-button__link  add_to_cart_button ajax_add_to_cart\">Legg i handlekurv<\/a><\/div>\n\t\t\t<\/li><li class=\"wc-block-grid__product\">\n\t\t\t\t<a href=\"https:\/\/truckleie.no\/?product=mobil-lasterampe-truckrampe-10-ton\" class=\"wc-block-grid__product-link\">\n\t\t\t\t\t\n\t\t\t\t\t<div class=\"wc-block-grid__product-image\"><img loading=\"lazy\" decoding=\"async\" width=\"247\" height=\"296\" src=\"https:\/\/i0.wp.com\/truckleie.no\/wp-content\/uploads\/2019\/12\/Web-DSC00567.jpg?resize=247%2C296&amp;ssl=1\" class=\"attachment-woocommerce_thumbnail size-woocommerce_thumbnail\" alt=\"mobil truckrampe\" \/><\/div>\n\t\t\t\t\t<div class=\"wc-block-grid__product-title\">Mobil lasterampe &#8211; truckrampe &#8211; 10 Ton<\/div>\n\t\t\t\t<\/a>\n\t\t\t\t<div class=\"wc-block-grid__product-price price\"><span class=\"woocommerce-Price-amount amount\"><span class=\"woocommerce-Price-currencySymbol\">&#107;&#114;<\/span>&nbsp;6 000,00<\/span><\/div>\n\t\t\t\t\n\t\t\t\t<div class=\"wp-block-button wc-block-grid__product-add-to-cart\"><a href=\"\/index.php?rest_route=%2Fwp%2Fv2%2Fpages%2F1768&#038;add-to-cart=177\" aria-label=\"Legg i handlekurv: \u00abMobil lasterampe - truckrampe - 10 Ton\u00bb\" data-quantity=\"1\" data-product_id=\"177\" data-product_sku=\"\" data-price=\"6000\" rel=\"nofollow\" class=\"wp-block-button__link  add_to_cart_button ajax_add_to_cart\">Legg i handlekurv<\/a><\/div>\n\t\t\t<\/li><li class=\"wc-block-grid__product\">\n\t\t\t\t<a href=\"https:\/\/truckleie.no\/?product=fd100t-mwl3-10-ton\" class=\"wc-block-grid__product-link\">\n\t\t\t\t\t\n\t\t\t\t\t<div class=\"wc-block-grid__product-image\"><img loading=\"lazy\" decoding=\"async\" width=\"247\" height=\"296\" src=\"https:\/\/i0.wp.com\/truckleie.no\/wp-content\/uploads\/2019\/12\/DSC01290.jpg?resize=247%2C296&amp;ssl=1\" class=\"attachment-woocommerce_thumbnail size-woocommerce_thumbnail\" alt=\"stortruck\" srcset=\"https:\/\/i0.wp.com\/truckleie.no\/wp-content\/uploads\/2019\/12\/DSC01290.jpg?resize=247%2C296&amp;ssl=1 247w, https:\/\/i0.wp.com\/truckleie.no\/wp-content\/uploads\/2019\/12\/DSC01290.jpg?zoom=2&amp;resize=247%2C296&amp;ssl=1 494w, https:\/\/i0.wp.com\/truckleie.no\/wp-content\/uploads\/2019\/12\/DSC01290.jpg?zoom=3&amp;resize=247%2C296&amp;ssl=1 741w\" sizes=\"(max-width: 247px) 100vw, 247px\" \/><\/div>\n\t\t\t\t\t<div class=\"wc-block-grid__product-title\">MAXIMAL FD100T-MWL3-10 Ton<\/div>\n\t\t\t\t<\/a>\n\t\t\t\t<div class=\"wc-block-grid__product-price price\"><\/div>\n\t\t\t\t\n\t\t\t\t<div class=\"wp-block-button wc-block-grid__product-add-to-cart\"><a href=\"https:\/\/truckleie.no\/?product=fd100t-mwl3-10-ton\" aria-label=\"Les mer om \u00abMAXIMAL FD100T-MWL3-10 Ton\u00bb\" data-quantity=\"1\" data-product_id=\"164\" data-product_sku=\"\" data-price=\"0\" rel=\"nofollow\" class=\"wp-block-button__link  add_to_cart_button\">Les mer<\/a><\/div>\n\t\t\t<\/li><li class=\"wc-block-grid__product\">\n\t\t\t\t<a href=\"https:\/\/truckleie.no\/?product=fd35t-c4wv3-terreng-4wd\" class=\"wc-block-grid__product-link\">\n\t\t\t\t\t\n\t\t\t\t\t<div class=\"wc-block-grid__product-image\"><img loading=\"lazy\" decoding=\"async\" width=\"247\" height=\"296\" src=\"https:\/\/i0.wp.com\/truckleie.no\/wp-content\/uploads\/2019\/12\/Web-DSC_8514SL.jpg?resize=247%2C296&amp;ssl=1\" class=\"attachment-woocommerce_thumbnail size-woocommerce_thumbnail\" alt=\"FD35T- C4WV3 - Terrengtruck 4WD 3,5 Ton\" srcset=\"https:\/\/i0.wp.com\/truckleie.no\/wp-content\/uploads\/2019\/12\/Web-DSC_8514SL.jpg?resize=247%2C296&amp;ssl=1 247w, https:\/\/i0.wp.com\/truckleie.no\/wp-content\/uploads\/2019\/12\/Web-DSC_8514SL.jpg?zoom=2&amp;resize=247%2C296&amp;ssl=1 494w\" sizes=\"(max-width: 247px) 100vw, 247px\" \/><\/div>\n\t\t\t\t\t<div class=\"wc-block-grid__product-title\">FD35T- C4WV3 &#8211; Terrengtruck 4WD 3,5 Ton<\/div>\n\t\t\t\t<\/a>\n\t\t\t\t<div class=\"wc-block-grid__product-price price\"><span class=\"woocommerce-Price-amount amount\"><span class=\"woocommerce-Price-currencySymbol\">&#107;&#114;<\/span>&nbsp;7 000,00<\/span><\/div>\n\t\t\t\t\n\t\t\t\t<div class=\"wp-block-button wc-block-grid__product-add-to-cart\"><a href=\"\/index.php?rest_route=%2Fwp%2Fv2%2Fpages%2F1768&#038;add-to-cart=153\" aria-label=\"Legg i handlekurv: \u00abFD35T- C4WV3 - Terrengtruck 4WD 3,5 Ton\u00bb\" data-quantity=\"1\" data-product_id=\"153\" data-product_sku=\"\" data-price=\"7000\" rel=\"nofollow\" class=\"wp-block-button__link  add_to_cart_button ajax_add_to_cart\">Legg i handlekurv<\/a><\/div>\n\t\t\t<\/li><\/ul><\/div>\n\n\n<h2 class=\"wp-block-heading\"><strong>Leie av logistikkmateriell<\/strong><\/h2>\n\n\n\n<p>Med et stort lager av logistikkmateriell byr vi p\u00e5 muligheter for leie av utstyr p\u00e5 kortere eller lenger perioder. Vi tilstreber \u00e5 l\u00f8se de utfordringer du m\u00e5tte ha, p\u00e5 kort eller langt sikt. Alle bransjer st\u00e5r overfor kostnadsmessige utfordringer, &#8211; og vi st\u00e5r i en spesiellt gunstig posisjon i s\u00e5 m\u00e5te.<\/p>\n\n\n\n<figure class=\"wp-block-image size-large\"><img data-recalc-dims=\"1\" loading=\"lazy\" decoding=\"async\" width=\"300\" height=\"300\" src=\"https:\/\/i0.wp.com\/ny.truckleie.no\/wp-content\/uploads\/2019\/12\/CQD15R1.jpg?resize=300%2C300\" alt=\"\" class=\"wp-image-205\" srcset=\"https:\/\/i0.wp.com\/truckleie.no\/wp-content\/uploads\/2019\/12\/CQD15R1.jpg?w=300&amp;ssl=1 300w, https:\/\/i0.wp.com\/truckleie.no\/wp-content\/uploads\/2019\/12\/CQD15R1.jpg?resize=160%2C160&amp;ssl=1 160w, https:\/\/i0.wp.com\/truckleie.no\/wp-content\/uploads\/2019\/12\/CQD15R1.jpg?resize=150%2C150&amp;ssl=1 150w, https:\/\/i0.wp.com\/truckleie.no\/wp-content\/uploads\/2019\/12\/CQD15R1.jpg?resize=262%2C262&amp;ssl=1 262w\" sizes=\"(max-width: 300px) 100vw, 300px\" \/><\/figure>\n\n\n\n<figure class=\"wp-block-image size-large is-resized\"><img data-recalc-dims=\"1\" loading=\"lazy\" decoding=\"async\" src=\"https:\/\/i0.wp.com\/ny.truckleie.no\/wp-content\/uploads\/2019\/12\/Web-SL-IMG_20180123_123415.jpg?resize=371%2C177\" alt=\"\" class=\"wp-image-186\" width=\"371\" height=\"177\" srcset=\"https:\/\/i0.wp.com\/truckleie.no\/wp-content\/uploads\/2019\/12\/Web-SL-IMG_20180123_123415.jpg?w=600&amp;ssl=1 600w, https:\/\/i0.wp.com\/truckleie.no\/wp-content\/uploads\/2019\/12\/Web-SL-IMG_20180123_123415.jpg?resize=555%2C265&amp;ssl=1 555w, https:\/\/i0.wp.com\/truckleie.no\/wp-content\/uploads\/2019\/12\/Web-SL-IMG_20180123_123415.jpg?resize=300%2C144&amp;ssl=1 300w\" sizes=\"(max-width: 371px) 100vw, 371px\" \/><figcaption>sdr<\/figcaption><\/figure>\n","protected":false},"excerpt":{"rendered":"<p>Truckleie &#8211; Gaffeltruck og l\u00f8ftemateriell Leie eller eie ! Du leser dette fordi du har et behov du \u00f8nsker \u00e5 l\u00f8se p\u00e5 beste og rimeligste m\u00e5te. Kj\u00f8pe, lease eller leie gaffeltruck eller annet l\u00f8ftemateriell !. Vi \u00f8nsker \u00e5 gi deg muligheter som er til din fordel. Med en stor park av nye og brukte trucker [&#8230;]\n","protected":false},"author":2,"featured_media":0,"parent":0,"menu_order":0,"comment_status":"closed","ping_status":"closed","template":"template-frontpage.php","meta":{"footnotes":""},"class_list":["post-1768","page","type-page","status-publish","hentry"],"yoast_head":"<!-- This site is optimized with the Yoast SEO Premium plugin v27.0 (Yoast SEO v27.3) - https:\/\/yoast.com\/product\/yoast-seo-premium-wordpress\/ -->\n<title>Truckleie - Korttidsleie - Truck - Lagerlogistikk - Truckleie - SCANLIFT<\/title>\n<meta name=\"description\" content=\"Leie gaffeltruck og logistikkmateriell. Godt utvalg til fornuftige priser. V\u00e6r smart !. Reduser dine kostnader og f\u00e5 mer igjen for pengene !\" \/>\n<meta name=\"robots\" content=\"index, follow, max-snippet:-1, max-image-preview:large, max-video-preview:-1\" \/>\n<link rel=\"canonical\" href=\"https:\/\/truckleie.no\/?page_id=1768\" \/>\n<meta property=\"og:locale\" content=\"nb_NO\" \/>\n<meta property=\"og:type\" content=\"article\" \/>\n<meta property=\"og:title\" content=\"Site Forside\" \/>\n<meta property=\"og:description\" content=\"Leie gaffeltruck og logistikkmateriell. Godt utvalg til fornuftige priser. V\u00e6r smart !. Reduser dine kostnader og f\u00e5 mer igjen for pengene !\" \/>\n<meta property=\"og:url\" content=\"https:\/\/truckleie.no\/?page_id=1768\" \/>\n<meta property=\"og:site_name\" content=\"Truckleie\" \/>\n<meta property=\"article:modified_time\" content=\"2020-12-04T22:53:29+00:00\" \/>\n<meta property=\"og:image\" content=\"http:\/\/ny.truckleie.no\/wp-content\/uploads\/2019\/12\/CQD15R1.jpg\" \/>\n<meta name=\"twitter:card\" content=\"summary_large_image\" \/>\n<meta name=\"twitter:label1\" content=\"Ansl. lesetid\" \/>\n\t<meta name=\"twitter:data1\" content=\"1 minutt\" \/>\n<script type=\"application\/ld+json\" class=\"yoast-schema-graph\">{\"@context\":\"https:\\\/\\\/schema.org\",\"@graph\":[{\"@type\":\"WebPage\",\"@id\":\"https:\\\/\\\/truckleie.no\\\/?page_id=1768\",\"url\":\"https:\\\/\\\/truckleie.no\\\/?page_id=1768\",\"name\":\"Truckleie - Korttidsleie - Truck - Lagerlogistikk - Truckleie - SCANLIFT\",\"isPartOf\":{\"@id\":\"https:\\\/\\\/truckleie.no\\\/#website\"},\"primaryImageOfPage\":{\"@id\":\"https:\\\/\\\/truckleie.no\\\/?page_id=1768#primaryimage\"},\"image\":{\"@id\":\"https:\\\/\\\/truckleie.no\\\/?page_id=1768#primaryimage\"},\"thumbnailUrl\":\"http:\\\/\\\/ny.truckleie.no\\\/wp-content\\\/uploads\\\/2019\\\/12\\\/CQD15R1.jpg\",\"datePublished\":\"2020-02-19T19:10:50+00:00\",\"dateModified\":\"2020-12-04T22:53:29+00:00\",\"description\":\"Leie gaffeltruck og logistikkmateriell. Godt utvalg til fornuftige priser. V\u00e6r smart !. Reduser dine kostnader og f\u00e5 mer igjen for pengene !\",\"breadcrumb\":{\"@id\":\"https:\\\/\\\/truckleie.no\\\/?page_id=1768#breadcrumb\"},\"inLanguage\":\"nb-NO\",\"potentialAction\":[{\"@type\":\"ReadAction\",\"target\":[\"https:\\\/\\\/truckleie.no\\\/?page_id=1768\"]}]},{\"@type\":\"ImageObject\",\"inLanguage\":\"nb-NO\",\"@id\":\"https:\\\/\\\/truckleie.no\\\/?page_id=1768#primaryimage\",\"url\":\"http:\\\/\\\/ny.truckleie.no\\\/wp-content\\\/uploads\\\/2019\\\/12\\\/CQD15R1.jpg\",\"contentUrl\":\"http:\\\/\\\/ny.truckleie.no\\\/wp-content\\\/uploads\\\/2019\\\/12\\\/CQD15R1.jpg\"},{\"@type\":\"BreadcrumbList\",\"@id\":\"https:\\\/\\\/truckleie.no\\\/?page_id=1768#breadcrumb\",\"itemListElement\":[{\"@type\":\"ListItem\",\"position\":1,\"name\":\"Truckleie\",\"item\":\"https:\\\/\\\/truckleie.no\\\/?page_id=1768\"},{\"@type\":\"ListItem\",\"position\":2,\"name\":\"Site Forside\"}]},{\"@type\":\"WebSite\",\"@id\":\"https:\\\/\\\/truckleie.no\\\/#website\",\"url\":\"https:\\\/\\\/truckleie.no\\\/\",\"name\":\"Truckleie\",\"description\":\"SCANLIFT leier ut l\u00f8ftemateriell for transport og logistikk\",\"publisher\":{\"@id\":\"https:\\\/\\\/truckleie.no\\\/#organization\"},\"potentialAction\":[{\"@type\":\"SearchAction\",\"target\":{\"@type\":\"EntryPoint\",\"urlTemplate\":\"https:\\\/\\\/truckleie.no\\\/?s={search_term_string}\"},\"query-input\":{\"@type\":\"PropertyValueSpecification\",\"valueRequired\":true,\"valueName\":\"search_term_string\"}}],\"inLanguage\":\"nb-NO\"},{\"@type\":\"Organization\",\"@id\":\"https:\\\/\\\/truckleie.no\\\/#organization\",\"name\":\"truckleie.no\",\"url\":\"https:\\\/\\\/truckleie.no\\\/\",\"logo\":{\"@type\":\"ImageObject\",\"inLanguage\":\"nb-NO\",\"@id\":\"https:\\\/\\\/truckleie.no\\\/#\\\/schema\\\/logo\\\/image\\\/\",\"url\":\"https:\\\/\\\/i0.wp.com\\\/truckleie.no\\\/wp-content\\\/uploads\\\/2019\\\/12\\\/truckleie-scaled.jpg?fit=2560%2C2249&ssl=1\",\"contentUrl\":\"https:\\\/\\\/i0.wp.com\\\/truckleie.no\\\/wp-content\\\/uploads\\\/2019\\\/12\\\/truckleie-scaled.jpg?fit=2560%2C2249&ssl=1\",\"width\":2560,\"height\":2249,\"caption\":\"truckleie.no\"},\"image\":{\"@id\":\"https:\\\/\\\/truckleie.no\\\/#\\\/schema\\\/logo\\\/image\\\/\"}}]}<\/script>\n<!-- \/ Yoast SEO Premium plugin. -->","yoast_head_json":{"title":"Truckleie - Korttidsleie - Truck - Lagerlogistikk - Truckleie - SCANLIFT","description":"Leie gaffeltruck og logistikkmateriell. Godt utvalg til fornuftige priser. V\u00e6r smart !. Reduser dine kostnader og f\u00e5 mer igjen for pengene !","robots":{"index":"index","follow":"follow","max-snippet":"max-snippet:-1","max-image-preview":"max-image-preview:large","max-video-preview":"max-video-preview:-1"},"canonical":"https:\/\/truckleie.no\/?page_id=1768","og_locale":"nb_NO","og_type":"article","og_title":"Site Forside","og_description":"Leie gaffeltruck og logistikkmateriell. Godt utvalg til fornuftige priser. V\u00e6r smart !. Reduser dine kostnader og f\u00e5 mer igjen for pengene !","og_url":"https:\/\/truckleie.no\/?page_id=1768","og_site_name":"Truckleie","article_modified_time":"2020-12-04T22:53:29+00:00","og_image":[{"url":"http:\/\/ny.truckleie.no\/wp-content\/uploads\/2019\/12\/CQD15R1.jpg","type":"","width":"","height":""}],"twitter_card":"summary_large_image","twitter_misc":{"Ansl. lesetid":"1 minutt"},"schema":{"@context":"https:\/\/schema.org","@graph":[{"@type":"WebPage","@id":"https:\/\/truckleie.no\/?page_id=1768","url":"https:\/\/truckleie.no\/?page_id=1768","name":"Truckleie - Korttidsleie - Truck - Lagerlogistikk - Truckleie - SCANLIFT","isPartOf":{"@id":"https:\/\/truckleie.no\/#website"},"primaryImageOfPage":{"@id":"https:\/\/truckleie.no\/?page_id=1768#primaryimage"},"image":{"@id":"https:\/\/truckleie.no\/?page_id=1768#primaryimage"},"thumbnailUrl":"http:\/\/ny.truckleie.no\/wp-content\/uploads\/2019\/12\/CQD15R1.jpg","datePublished":"2020-02-19T19:10:50+00:00","dateModified":"2020-12-04T22:53:29+00:00","description":"Leie gaffeltruck og logistikkmateriell. Godt utvalg til fornuftige priser. V\u00e6r smart !. Reduser dine kostnader og f\u00e5 mer igjen for pengene !","breadcrumb":{"@id":"https:\/\/truckleie.no\/?page_id=1768#breadcrumb"},"inLanguage":"nb-NO","potentialAction":[{"@type":"ReadAction","target":["https:\/\/truckleie.no\/?page_id=1768"]}]},{"@type":"ImageObject","inLanguage":"nb-NO","@id":"https:\/\/truckleie.no\/?page_id=1768#primaryimage","url":"http:\/\/ny.truckleie.no\/wp-content\/uploads\/2019\/12\/CQD15R1.jpg","contentUrl":"http:\/\/ny.truckleie.no\/wp-content\/uploads\/2019\/12\/CQD15R1.jpg"},{"@type":"BreadcrumbList","@id":"https:\/\/truckleie.no\/?page_id=1768#breadcrumb","itemListElement":[{"@type":"ListItem","position":1,"name":"Truckleie","item":"https:\/\/truckleie.no\/?page_id=1768"},{"@type":"ListItem","position":2,"name":"Site Forside"}]},{"@type":"WebSite","@id":"https:\/\/truckleie.no\/#website","url":"https:\/\/truckleie.no\/","name":"Truckleie","description":"SCANLIFT leier ut l\u00f8ftemateriell for transport og logistikk","publisher":{"@id":"https:\/\/truckleie.no\/#organization"},"potentialAction":[{"@type":"SearchAction","target":{"@type":"EntryPoint","urlTemplate":"https:\/\/truckleie.no\/?s={search_term_string}"},"query-input":{"@type":"PropertyValueSpecification","valueRequired":true,"valueName":"search_term_string"}}],"inLanguage":"nb-NO"},{"@type":"Organization","@id":"https:\/\/truckleie.no\/#organization","name":"truckleie.no","url":"https:\/\/truckleie.no\/","logo":{"@type":"ImageObject","inLanguage":"nb-NO","@id":"https:\/\/truckleie.no\/#\/schema\/logo\/image\/","url":"https:\/\/i0.wp.com\/truckleie.no\/wp-content\/uploads\/2019\/12\/truckleie-scaled.jpg?fit=2560%2C2249&ssl=1","contentUrl":"https:\/\/i0.wp.com\/truckleie.no\/wp-content\/uploads\/2019\/12\/truckleie-scaled.jpg?fit=2560%2C2249&ssl=1","width":2560,"height":2249,"caption":"truckleie.no"},"image":{"@id":"https:\/\/truckleie.no\/#\/schema\/logo\/image\/"}}]}},"jetpack_sharing_enabled":true,"_links":{"self":[{"href":"https:\/\/truckleie.no\/index.php?rest_route=\/wp\/v2\/pages\/1768","targetHints":{"allow":["GET"]}}],"collection":[{"href":"https:\/\/truckleie.no\/index.php?rest_route=\/wp\/v2\/pages"}],"about":[{"href":"https:\/\/truckleie.no\/index.php?rest_route=\/wp\/v2\/types\/page"}],"author":[{"embeddable":true,"href":"https:\/\/truckleie.no\/index.php?rest_route=\/wp\/v2\/users\/2"}],"replies":[{"embeddable":true,"href":"https:\/\/truckleie.no\/index.php?rest_route=%2Fwp%2Fv2%2Fcomments&post=1768"}],"version-history":[{"count":6,"href":"https:\/\/truckleie.no\/index.php?rest_route=\/wp\/v2\/pages\/1768\/revisions"}],"predecessor-version":[{"id":1806,"href":"https:\/\/truckleie.no\/index.php?rest_route=\/wp\/v2\/pages\/1768\/revisions\/1806"}],"wp:attachment":[{"href":"https:\/\/truckleie.no\/index.php?rest_route=%2Fwp%2Fv2%2Fmedia&parent=1768"}],"curies":[{"name":"wp","href":"https:\/\/api.w.org\/{rel}","templated":true}]}}